{"id":3762,"date":"2024-07-17T10:36:01","date_gmt":"2024-07-17T07:36:01","guid":{"rendered":"https:\/\/cocpack.ro\/?post_type=product&#038;p=3762"},"modified":"2025-08-31T22:33:08","modified_gmt":"2025-08-31T19:33:08","slug":"punga-de-nunta-si-botez","status":"publish","type":"product","link":"https:\/\/cocpack.ro\/index.php\/produs\/punga-de-nunta-si-botez\/","title":{"rendered":"Punga de nunta si botez"},"content":{"rendered":"","protected":false},"excerpt":{"rendered":"<p>V\u0103 oferim pungi pentru m\u0103rturiile de nunt\u0103, confec\u021bionate din h\u00e2rtie de 90 gr \u0219i prev\u0103zute cu m\u00e2ner r\u0103sucit. Pungile pentru m\u0103rturii au un model floral deosebit \u0219i textul \u201cV\u0103 mul\u021bumim\u201d. Pentru un plus de rezisten\u021b\u0103, v\u0103 suger\u0103m s\u0103 achizi\u021biona\u021bi \u0219i un fund pentru pungi din carton. \u00cen aceste pungi pentru m\u0103rturiile de nunt\u0103 pot fi puse at\u00e2t cutii de pr\u0103jituri, c\u00e2t \u0219i sticla de nunt\u0103 cu b\u0103utura aleas\u0103 de dumneavoastr\u0103.<\/p>\n","protected":false},"featured_media":3763,"comment_status":"open","ping_status":"closed","template":"","meta":[],"product_brand":[],"product_cat":[21],"product_tag":[],"class_list":{"0":"post-3762","1":"product","2":"type-product","3":"status-publish","4":"has-post-thumbnail","6":"product_cat-pungi-de-nunta","8":"first","9":"instock","10":"shipping-taxable","11":"purchasable","12":"product-type-variable"},"_links":{"self":[{"href":"https:\/\/cocpack.ro\/index.php\/wp-json\/wp\/v2\/product\/3762","targetHints":{"allow":["GET"]}}],"collection":[{"href":"https:\/\/cocpack.ro\/index.php\/wp-json\/wp\/v2\/product"}],"about":[{"href":"https:\/\/cocpack.ro\/index.php\/wp-json\/wp\/v2\/types\/product"}],"replies":[{"embeddable":true,"href":"https:\/\/cocpack.ro\/index.php\/wp-json\/wp\/v2\/comments?post=3762"}],"wp:featuredmedia":[{"embeddable":true,"href":"https:\/\/cocpack.ro\/index.php\/wp-json\/wp\/v2\/media\/3763"}],"wp:attachment":[{"href":"https:\/\/cocpack.ro\/index.php\/wp-json\/wp\/v2\/media?parent=3762"}],"wp:term":[{"taxonomy":"product_brand","embeddable":true,"href":"https:\/\/cocpack.ro\/index.php\/wp-json\/wp\/v2\/product_brand?post=3762"},{"taxonomy":"product_cat","embeddable":true,"href":"https:\/\/cocpack.ro\/index.php\/wp-json\/wp\/v2\/product_cat?post=3762"},{"taxonomy":"product_tag","embeddable":true,"href":"https:\/\/cocpack.ro\/index.php\/wp-json\/wp\/v2\/product_tag?post=3762"}],"curies":[{"name":"wp","href":"https:\/\/api.w.org\/{rel}","templated":true}]}}