{"id":3764,"date":"2024-07-17T10:49:18","date_gmt":"2024-07-17T07:49:18","guid":{"rendered":"https:\/\/cocpack.ro\/?post_type=product&#038;p=3764"},"modified":"2025-11-06T19:40:34","modified_gmt":"2025-11-06T16:40:34","slug":"punga-marturii-lavanda-si-mesaj","status":"publish","type":"product","link":"https:\/\/cocpack.ro\/index.php\/produs\/punga-marturii-lavanda-si-mesaj\/","title":{"rendered":"Punga Marturii Lavanda si mesaj"},"content":{"rendered":"","protected":false},"excerpt":{"rendered":"<p>Perfecte pentru petreceri de nunt\u0103 sau botez, aceste pungi pentru m\u0103rturii au un model \u00eenc\u00e2nt\u0103tor cu lavand\u0103 \u0219i mesajul \u201cV\u0103 mul\u021bumim!\u201d scris \u00een mai multe limbi. Realizate din carton kraft, pungile pot fi personalizate cu un card sau o fundi\u021b\u0103, ad\u0103ug\u00e2nd astfel un plus de elegan\u021b\u0103. Arunca\u021bi o privire \u0219i la celelalte produse din colec\u021bia noastr\u0103 cu model de lavand\u0103 pentru un aspect unitar \u0219i rafinat.<\/p>\n","protected":false},"featured_media":3765,"comment_status":"open","ping_status":"closed","template":"","meta":[],"product_brand":[],"product_cat":[21,83],"product_tag":[],"class_list":{"0":"post-3764","1":"product","2":"type-product","3":"status-publish","4":"has-post-thumbnail","6":"product_cat-pungi-de-nunta","7":"product_cat-pungi-marturii","9":"first","10":"outofstock","11":"shipping-taxable","12":"purchasable","13":"product-type-simple"},"_links":{"self":[{"href":"https:\/\/cocpack.ro\/index.php\/wp-json\/wp\/v2\/product\/3764","targetHints":{"allow":["GET"]}}],"collection":[{"href":"https:\/\/cocpack.ro\/index.php\/wp-json\/wp\/v2\/product"}],"about":[{"href":"https:\/\/cocpack.ro\/index.php\/wp-json\/wp\/v2\/types\/product"}],"replies":[{"embeddable":true,"href":"https:\/\/cocpack.ro\/index.php\/wp-json\/wp\/v2\/comments?post=3764"}],"wp:featuredmedia":[{"embeddable":true,"href":"https:\/\/cocpack.ro\/index.php\/wp-json\/wp\/v2\/media\/3765"}],"wp:attachment":[{"href":"https:\/\/cocpack.ro\/index.php\/wp-json\/wp\/v2\/media?parent=3764"}],"wp:term":[{"taxonomy":"product_brand","embeddable":true,"href":"https:\/\/cocpack.ro\/index.php\/wp-json\/wp\/v2\/product_brand?post=3764"},{"taxonomy":"product_cat","embeddable":true,"href":"https:\/\/cocpack.ro\/index.php\/wp-json\/wp\/v2\/product_cat?post=3764"},{"taxonomy":"product_tag","embeddable":true,"href":"https:\/\/cocpack.ro\/index.php\/wp-json\/wp\/v2\/product_tag?post=3764"}],"curies":[{"name":"wp","href":"https:\/\/api.w.org\/{rel}","templated":true}]}}