{"id":4113,"date":"2024-07-23T11:48:39","date_gmt":"2024-07-23T08:48:39","guid":{"rendered":"https:\/\/cocpack.ro\/?post_type=product&#038;p=4113"},"modified":"2026-01-05T17:44:00","modified_gmt":"2026-01-05T14:44:00","slug":"sticle-marturii-nunta-250ml","status":"publish","type":"product","link":"https:\/\/cocpack.ro\/index.php\/produs\/sticle-marturii-nunta-250ml\/","title":{"rendered":"Sticle marturii nunta, 250ml"},"content":{"rendered":"<h3>Sticl\u0103 Transparent\u0103 cu Filet &#8211; 250 ml<\/h3>\n<p><strong>Un recipient elegant \u0219i rafinat, ideal pentru a ad\u0103uga un strop de sofisticare evenimentelor speciale.<\/strong><\/p>\n<h4>Detalii Produs:<\/h4>\n<ul>\n<li><strong>Capacitate:<\/strong> 250 ml<\/li>\n<li><strong>Dimensiuni:<\/strong> 78 mm x 58 mm x 204 mm<\/li>\n<li><strong>Material:<\/strong> Sticl\u0103 transparent\u0103<\/li>\n<li><strong>Forma:<\/strong> Alungit\u0103, cu filet<\/li>\n<\/ul>\n<h4>Beneficii:<\/h4>\n<ul>\n<li><strong>Design Elegant:<\/strong> Forma alungit\u0103 \u0219i compact\u0103 face aceast\u0103 sticl\u0103 ideal\u0103 pentru a oferi invita\u021bilor un cadou memorabil \u0219i sofisticat.<\/li>\n<li><strong>Versatilitate:<\/strong> Perfect\u0103 pentru a fi umplut\u0103 cu diverse b\u0103uturi, de la vin \u0219i \u021buic\u0103 la lichide aromatizate, aduc\u00e2nd un plus de elegan\u021b\u0103 \u0219i rafinament.<\/li>\n<li><strong>Personalizare:<\/strong> Poate fi personalizat\u0103 cu etichete \u0219i panglici pentru a reflecta tema \u0219i stilul evenimentului. Ad\u0103uga\u021bi un mesaj special sau numele mirilor pentru a face fiecare sticl\u0103 unic\u0103.<\/li>\n<\/ul>\n<p><strong>Pre\u021bul este exclusiv pentru sticl\u0103.<\/strong><\/p>\n<p>\ud83c\udf80 <strong>Nu uita\u021bi s\u0103 comanda\u021bi capacele \u0219i etichetele potrivite pentru a completa perfect sticla!<\/strong><\/p>\n<p><strong>Asigura\u021bi-v\u0103 c\u0103 fiecare detaliu al evenimentului vostru este perfect coordonat \u0219i memorabil!<\/strong><\/p>\n","protected":false},"excerpt":{"rendered":"<p>V\u0103 rug\u0103m s\u0103 nu uita\u021bi s\u0103 ad\u0103uga\u021bi dopuri \u0219i eticheta personalizat\u0103 separat dup\u0103 ce a\u021bi ad\u0103ugat sticlele \u00een co\u0219.<\/p>\n<ul>\n<li>Pentru a selecta dopurile apasati <strong><a href=\"https:\/\/cocpack.ro\/index.php\/categorie-produs\/sticle-de-marturii\/accesorii-sticle\/dopuri-pentru-sticle\/\">aici.<\/a><\/strong><\/li>\n<li>Pentru a selecta etichetele apasati <strong><a href=\"https:\/\/cocpack.ro\/index.php\/categorie-produs\/sticle-de-marturii\/accesorii-sticle\/etichete-pentru-sticle\/\">aici<\/a>.<\/strong><\/li>\n<\/ul>\n","protected":false},"featured_media":4114,"comment_status":"open","ping_status":"closed","template":"","meta":[],"product_brand":[],"product_cat":[355,94],"product_tag":[],"class_list":{"0":"post-4113","1":"product","2":"type-product","3":"status-publish","4":"has-post-thumbnail","6":"product_cat-promotii","7":"product_cat-sticle-200-250-ml","9":"first","10":"instock","11":"sale","12":"shipping-taxable","13":"purchasable","14":"product-type-simple"},"_links":{"self":[{"href":"https:\/\/cocpack.ro\/index.php\/wp-json\/wp\/v2\/product\/4113","targetHints":{"allow":["GET"]}}],"collection":[{"href":"https:\/\/cocpack.ro\/index.php\/wp-json\/wp\/v2\/product"}],"about":[{"href":"https:\/\/cocpack.ro\/index.php\/wp-json\/wp\/v2\/types\/product"}],"replies":[{"embeddable":true,"href":"https:\/\/cocpack.ro\/index.php\/wp-json\/wp\/v2\/comments?post=4113"}],"wp:featuredmedia":[{"embeddable":true,"href":"https:\/\/cocpack.ro\/index.php\/wp-json\/wp\/v2\/media\/4114"}],"wp:attachment":[{"href":"https:\/\/cocpack.ro\/index.php\/wp-json\/wp\/v2\/media?parent=4113"}],"wp:term":[{"taxonomy":"product_brand","embeddable":true,"href":"https:\/\/cocpack.ro\/index.php\/wp-json\/wp\/v2\/product_brand?post=4113"},{"taxonomy":"product_cat","embeddable":true,"href":"https:\/\/cocpack.ro\/index.php\/wp-json\/wp\/v2\/product_cat?post=4113"},{"taxonomy":"product_tag","embeddable":true,"href":"https:\/\/cocpack.ro\/index.php\/wp-json\/wp\/v2\/product_tag?post=4113"}],"curies":[{"name":"wp","href":"https:\/\/api.w.org\/{rel}","templated":true}]}}