{"id":4115,"date":"2024-07-23T11:51:52","date_gmt":"2024-07-23T08:51:52","guid":{"rendered":"https:\/\/cocpack.ro\/?post_type=product&#038;p=4115"},"modified":"2026-03-05T19:59:44","modified_gmt":"2026-03-05T16:59:44","slug":"sticla-marturie-fara-filet-250ml","status":"publish","type":"product","link":"https:\/\/cocpack.ro\/index.php\/produs\/sticla-marturie-fara-filet-250ml\/","title":{"rendered":"Sticla Marturie, fara filet, 250ml"},"content":{"rendered":"<h3>Sticl\u0103 Transparent\u0103 f\u0103r\u0103 Filet &#8211; 250 ml<\/h3>\n<p><strong>Un recipient elegant \u0219i versatil, ideal pentru a ad\u0103uga un strop de rafinament evenimentelor speciale.<\/strong><\/p>\n<h4>Detalii Produs:<\/h4>\n<ul>\n<li><strong>Capacitate:<\/strong> 250 ml<\/li>\n<li><strong>Dimensiuni:<\/strong> \u00cen\u0103l\u021bime: 200 mm<\/li>\n<li><strong>Gramaj:<\/strong> 255 g<\/li>\n<li><strong>Material:<\/strong> Sticl\u0103 transparent\u0103<\/li>\n<li><strong>Forma:<\/strong> Clasic\u0103, f\u0103r\u0103 filet<\/li>\n<\/ul>\n<h4>Beneficii:<\/h4>\n<ul>\n<li><strong>Elegan\u021b\u0103 \u0219i Rafinament:<\/strong> Sticla are un design simplu \u0219i clasic, care pune \u00een valoare calitatea \u0219i transparen\u021ba sa. Perfect\u0103 pentru a ad\u0103uga o not\u0103 de sofisticare evenimentelor de nunt\u0103 sau botez.<\/li>\n<li><strong>Personalizare:<\/strong> Poate fi personalizat\u0103 cu etichete, fundi\u021be sau gravuri speciale. Ad\u0103uga\u021bi un mesaj special sau numele mirilor pentru a transforma sticla \u00eentr-un cadou memorabil \u0219i unic.<\/li>\n<li><strong>Versatilitate:<\/strong> Ideal\u0103 pentru a fi umplut\u0103 cu diverse lichide, de la vin \u0219i \u0219ampanie la siropuri sau dulciuri, aduc\u00e2nd un plus de elegan\u021b\u0103 \u0219i personalitate fiec\u0103rui eveniment.<\/li>\n<\/ul>\n<p><strong>Pre\u021bul este exclusiv pentru sticl\u0103.<\/strong><\/p>\n<p>\ud83c\udf80 <strong>Nu uita\u021bi s\u0103 comanda\u021bi capacele, dopurile, etichetele \u0219i orice alte accesorii decorative pentru a completa perfect sticla!<\/strong><\/p>\n<p><strong>Asigura\u021bi-v\u0103 c\u0103 fiecare detaliu al evenimentului vostru este perfect coordonat \u0219i memorabil!<\/strong><\/p>\n","protected":false},"excerpt":{"rendered":"<p>V\u0103 rug\u0103m s\u0103 nu uita\u021bi s\u0103 ad\u0103uga\u021bi dopuri \u0219i eticheta personalizat\u0103 separat dup\u0103 ce a\u021bi ad\u0103ugat sticlele \u00een co\u0219.<\/p>\n<ul>\n<li>Pentru a selecta dopurile apasati <strong><a href=\"https:\/\/cocpack.ro\/index.php\/categorie-produs\/sticle-de-marturii\/accesorii-sticle\/dopuri-pentru-sticle\/\">aici.<\/a><\/strong><\/li>\n<li>Pentru a selecta etichetele apasati <strong><a href=\"https:\/\/cocpack.ro\/index.php\/categorie-produs\/sticle-de-marturii\/accesorii-sticle\/etichete-pentru-sticle\/\">aici<\/a>.<\/strong><\/li>\n<\/ul>\n","protected":false},"featured_media":4116,"comment_status":"open","ping_status":"closed","template":"","meta":[],"product_brand":[],"product_cat":[355,94],"product_tag":[],"class_list":{"0":"post-4115","1":"product","2":"type-product","3":"status-publish","4":"has-post-thumbnail","6":"product_cat-promotii","7":"product_cat-sticle-200-250-ml","9":"first","10":"instock","11":"sale","12":"shipping-taxable","13":"purchasable","14":"product-type-simple"},"_links":{"self":[{"href":"https:\/\/cocpack.ro\/index.php\/wp-json\/wp\/v2\/product\/4115","targetHints":{"allow":["GET"]}}],"collection":[{"href":"https:\/\/cocpack.ro\/index.php\/wp-json\/wp\/v2\/product"}],"about":[{"href":"https:\/\/cocpack.ro\/index.php\/wp-json\/wp\/v2\/types\/product"}],"replies":[{"embeddable":true,"href":"https:\/\/cocpack.ro\/index.php\/wp-json\/wp\/v2\/comments?post=4115"}],"wp:featuredmedia":[{"embeddable":true,"href":"https:\/\/cocpack.ro\/index.php\/wp-json\/wp\/v2\/media\/4116"}],"wp:attachment":[{"href":"https:\/\/cocpack.ro\/index.php\/wp-json\/wp\/v2\/media?parent=4115"}],"wp:term":[{"taxonomy":"product_brand","embeddable":true,"href":"https:\/\/cocpack.ro\/index.php\/wp-json\/wp\/v2\/product_brand?post=4115"},{"taxonomy":"product_cat","embeddable":true,"href":"https:\/\/cocpack.ro\/index.php\/wp-json\/wp\/v2\/product_cat?post=4115"},{"taxonomy":"product_tag","embeddable":true,"href":"https:\/\/cocpack.ro\/index.php\/wp-json\/wp\/v2\/product_tag?post=4115"}],"curies":[{"name":"wp","href":"https:\/\/api.w.org\/{rel}","templated":true}]}}