{"id":4127,"date":"2024-07-23T12:34:02","date_gmt":"2024-07-23T09:34:02","guid":{"rendered":"https:\/\/cocpack.ro\/?post_type=product&#038;p=4127"},"modified":"2026-01-05T18:17:47","modified_gmt":"2026-01-05T15:17:47","slug":"sticla-nunta-500ml-belissima","status":"publish","type":"product","link":"https:\/\/cocpack.ro\/index.php\/produs\/sticla-nunta-500ml-belissima\/","title":{"rendered":"Sticla, Nunta, 500 ml, Belissima"},"content":{"rendered":"<h3>Sticl\u0103 Belissima &#8211; 500 ml<\/h3>\n<p><strong>Ad\u0103uga\u021bi un plus de rafinament evenimentului vostru special cu sticlele Belissima de 500 ml, ideale pentru a oferi o amintire elegant\u0103 invita\u021bilor!<\/strong><\/p>\n<h4>Detalii Produs:<\/h4>\n<ul>\n<li><strong>Capacitate:<\/strong> 500 ml<\/li>\n<li><strong>Dimensiune:<\/strong> H: 352.2 mm<\/li>\n<li><strong>Culoare:<\/strong> Transparent<\/li>\n<li><strong>Gramaj:<\/strong> 437 gr<\/li>\n<li><strong>Material:<\/strong> Sticl\u0103<\/li>\n<\/ul>\n<h4>Caracteristici:<\/h4>\n<ul>\n<li><strong>Design Elegant \u0219i Compact:<\/strong> Datorit\u0103 formei sale deosebite \u0219i formatului compact, aceast\u0103 sticl\u0103 se preteaz\u0103 perfect ca aten\u021bie pentru prietenii \u0219i\/sau invita\u021bii dumneavoastr\u0103.<\/li>\n<li><strong>Versatilitate:<\/strong> Ideal\u0103 pentru \u00eembutelierea vinului de coac\u0103ze, vinului de mure, cire\u0219elor sau altor fructe, oferind o not\u0103 deosebit\u0103 oric\u0103rui eveniment.<\/li>\n<li><strong>Compatibilitate:<\/strong> Aceste sticlute se potrivesc perfect cu pungile de nunt\u0103 \u0219i cutiile noastre pentru pr\u0103jituri, oferind un cadou complet \u0219i bine prezentat.<\/li>\n<\/ul>\n<p><strong>Pre\u021bul este exclusiv pentru sticl\u0103.<\/strong><\/p>\n<h3>Nu uita\u021bi s\u0103 comanda\u021bi:<\/h3>\n<ul>\n<li><strong>Capacele\/dopurile<\/strong><\/li>\n<li><strong>Etichetele personalizate<\/strong><\/li>\n<li><strong>Panglicile decorative<\/strong><\/li>\n<\/ul>\n<p><strong>Transforma\u021bi evenimentul vostru \u00eentr-o experien\u021b\u0103 memorabil\u0103 \u0219i elegant\u0103 pentru to\u021bi invita\u021bii vo\u0219tri!<\/strong> \ud83c\udf78<\/p>\n<p><strong>\u2757 Sticlele sunt din sticl\u0103 transparent\u0103.<\/strong><\/p>\n<p><strong>Nu uita\u021bi s\u0103 comanda\u021bi etichetele \u0219i capacele! \ud83d\ude42<\/strong><\/p>\n","protected":false},"excerpt":{"rendered":"<p>V\u0103 rug\u0103m s\u0103 nu uita\u021bi s\u0103 ad\u0103uga\u021bi dopuri \u0219i eticheta personalizat\u0103 separat dup\u0103 ce a\u021bi ad\u0103ugat sticlele \u00een co\u0219.<\/p>\n<ul>\n<li>Pentru a selecta dopurile apasati <strong><a href=\"https:\/\/cocpack.ro\/index.php\/categorie-produs\/sticle-de-marturii\/accesorii-sticle\/dopuri-pentru-sticle\/\">aici.<\/a><\/strong><\/li>\n<li>Pentru a selecta etichetele apasati <strong><a href=\"https:\/\/cocpack.ro\/index.php\/categorie-produs\/sticle-de-marturii\/accesorii-sticle\/etichete-pentru-sticle\/\">aici<\/a>.<\/strong><\/li>\n<\/ul>\n","protected":false},"featured_media":4128,"comment_status":"open","ping_status":"closed","template":"","meta":[],"product_brand":[],"product_cat":[95],"product_tag":[],"class_list":{"0":"post-4127","1":"product","2":"type-product","3":"status-publish","4":"has-post-thumbnail","6":"product_cat-sticle-500-ml","8":"first","9":"outofstock","10":"shipping-taxable","11":"purchasable","12":"product-type-simple"},"_links":{"self":[{"href":"https:\/\/cocpack.ro\/index.php\/wp-json\/wp\/v2\/product\/4127","targetHints":{"allow":["GET"]}}],"collection":[{"href":"https:\/\/cocpack.ro\/index.php\/wp-json\/wp\/v2\/product"}],"about":[{"href":"https:\/\/cocpack.ro\/index.php\/wp-json\/wp\/v2\/types\/product"}],"replies":[{"embeddable":true,"href":"https:\/\/cocpack.ro\/index.php\/wp-json\/wp\/v2\/comments?post=4127"}],"wp:featuredmedia":[{"embeddable":true,"href":"https:\/\/cocpack.ro\/index.php\/wp-json\/wp\/v2\/media\/4128"}],"wp:attachment":[{"href":"https:\/\/cocpack.ro\/index.php\/wp-json\/wp\/v2\/media?parent=4127"}],"wp:term":[{"taxonomy":"product_brand","embeddable":true,"href":"https:\/\/cocpack.ro\/index.php\/wp-json\/wp\/v2\/product_brand?post=4127"},{"taxonomy":"product_cat","embeddable":true,"href":"https:\/\/cocpack.ro\/index.php\/wp-json\/wp\/v2\/product_cat?post=4127"},{"taxonomy":"product_tag","embeddable":true,"href":"https:\/\/cocpack.ro\/index.php\/wp-json\/wp\/v2\/product_tag?post=4127"}],"curies":[{"name":"wp","href":"https:\/\/api.w.org\/{rel}","templated":true}]}}