{"id":5583,"date":"2024-09-23T15:34:44","date_gmt":"2024-09-23T12:34:44","guid":{"rendered":"https:\/\/cocpack.ro\/?post_type=product&#038;p=5583"},"modified":"2026-03-07T21:52:21","modified_gmt":"2026-03-07T18:52:21","slug":"set-2-umerase-mireasa-mire-2","status":"publish","type":"product","link":"https:\/\/cocpack.ro\/index.php\/produs\/set-2-umerase-mireasa-mire-2\/","title":{"rendered":"Set 2 umerase mireasa &#038; mire"},"content":{"rendered":"<p>Umera\u0219e din lemn pentru mireas\u0103 \u0219i mire. Aduce\u021bi o not\u0103 rustic\u0103 \u0219i elegant\u0103 evenimentului vostru. Se utilizeaza adesea pentru fotografii de nunt\u0103 memorabile. \u00cembun\u0103t\u0103\u021be\u0219te-\u021bi fotografiile de nunt\u0103 cu aceste umera\u0219e din lemn de \u00eenalt\u0103 calitate. Setul de umera\u0219e este construit pentru a rezista \u0219i a oferi o prezentare impecabil\u0103 a rochiei tale de mireas\u0103.<\/p>\n","protected":false},"excerpt":{"rendered":"<p>Designul clasic fac din aceste umera\u0219e un accesoriu esen\u021bial pentru orice mireas\u0103.<\/p>\n","protected":false},"featured_media":5584,"comment_status":"open","ping_status":"closed","template":"","meta":[],"product_brand":[],"product_cat":[118],"product_tag":[],"class_list":{"0":"post-5583","1":"product","2":"type-product","3":"status-publish","4":"has-post-thumbnail","6":"product_cat-umerase","8":"first","9":"instock","10":"shipping-taxable","11":"purchasable","12":"product-type-simple"},"_links":{"self":[{"href":"https:\/\/cocpack.ro\/index.php\/wp-json\/wp\/v2\/product\/5583","targetHints":{"allow":["GET"]}}],"collection":[{"href":"https:\/\/cocpack.ro\/index.php\/wp-json\/wp\/v2\/product"}],"about":[{"href":"https:\/\/cocpack.ro\/index.php\/wp-json\/wp\/v2\/types\/product"}],"replies":[{"embeddable":true,"href":"https:\/\/cocpack.ro\/index.php\/wp-json\/wp\/v2\/comments?post=5583"}],"wp:featuredmedia":[{"embeddable":true,"href":"https:\/\/cocpack.ro\/index.php\/wp-json\/wp\/v2\/media\/5584"}],"wp:attachment":[{"href":"https:\/\/cocpack.ro\/index.php\/wp-json\/wp\/v2\/media?parent=5583"}],"wp:term":[{"taxonomy":"product_brand","embeddable":true,"href":"https:\/\/cocpack.ro\/index.php\/wp-json\/wp\/v2\/product_brand?post=5583"},{"taxonomy":"product_cat","embeddable":true,"href":"https:\/\/cocpack.ro\/index.php\/wp-json\/wp\/v2\/product_cat?post=5583"},{"taxonomy":"product_tag","embeddable":true,"href":"https:\/\/cocpack.ro\/index.php\/wp-json\/wp\/v2\/product_tag?post=5583"}],"curies":[{"name":"wp","href":"https:\/\/api.w.org\/{rel}","templated":true}]}}