{"id":7248,"date":"2025-05-04T21:08:58","date_gmt":"2025-05-04T18:08:58","guid":{"rendered":"https:\/\/cocpack.ro\/?post_type=product&#038;p=7248"},"modified":"2026-03-02T11:50:44","modified_gmt":"2026-03-02T08:50:44","slug":"pungi-nunta-mirim416","status":"publish","type":"product","link":"https:\/\/cocpack.ro\/index.php\/produs\/pungi-nunta-mirim416\/","title":{"rendered":"Pungi Nunta Miri(M416)."},"content":{"rendered":"<p>Caracteristici:<\/p>\n<p>Design adorabil \u0219i personalizat: Punga este personalizat\u0103 cu un design special, modelul M416, care include imaginea mirilor \u00eentr-un stil pastelat. Culorile delicate \u0219i designul romantic adaug\u0103 un plus de farmec pungii, transform\u00e2nd-o \u00eentr-o amintire pre\u021bioas\u0103 a evenimentului.<br \/>\nCulori pastelate: Paleta de culori pastelate creeaz\u0103 o atmosfer\u0103 cald\u0103 \u0219i primitoare, perfect\u0103 pentru o nunt\u0103. Aceste culori sunt asociate cu romantismul, delicate\u021bea \u0219i bucuria.<br \/>\nMaterial de calitate: Pungile sunt fabricate dintr-un material rezistent (120g\/mp) \u0219i durabil, ideal pentru a transporta mici cadouri, dulciuri, sau alte aten\u021bii pentru invita\u021bi. Materialul este ales pentru a oferi un aspect pl\u0103cut \u0219i o rezisten\u021b\u0103 \u00eendelungat\u0103.<br \/>\nVersatilitate: Pungile pot fi folosite pentru a oferi o varietate de cadouri, de la dulciuri \u0219i mici suveniruri, p\u00e2n\u0103 la produse cosmetice sau alte aten\u021bii.<br \/>\nDimensiune<br \/>\n21x11x27 cm.<\/p>\n","protected":false},"excerpt":{"rendered":"<p>Pungi de nunt\u0103 \u2013 Model M416 cu miri \u00een culori pastelate.<\/p>\n<p>Ofer\u0103 invita\u021bilor t\u0103i o amintire dulce \u0219i elegant\u0103 de la nunta ta cu aceste pungi de nunt\u0103. Modelul M416 prezint\u0103 un design \u00eenc\u00e2nt\u0103tor, cu mirii reprezenta\u021bi \u00eentr-un stil delicat, folosind culori pastelate, perfect pentru a celebra dragostea \u0219i uniunea voastr\u0103 \u00eentr-o atmosfer\u0103 romantic\u0103 \u0219i relaxat\u0103.<\/p>\n","protected":false},"featured_media":7249,"comment_status":"open","ping_status":"closed","template":"","meta":[],"product_brand":[],"product_cat":[83],"product_tag":[],"class_list":{"0":"post-7248","1":"product","2":"type-product","3":"status-publish","4":"has-post-thumbnail","6":"product_cat-pungi-marturii","8":"first","9":"instock","10":"shipping-taxable","11":"purchasable","12":"product-type-simple"},"_links":{"self":[{"href":"https:\/\/cocpack.ro\/index.php\/wp-json\/wp\/v2\/product\/7248","targetHints":{"allow":["GET"]}}],"collection":[{"href":"https:\/\/cocpack.ro\/index.php\/wp-json\/wp\/v2\/product"}],"about":[{"href":"https:\/\/cocpack.ro\/index.php\/wp-json\/wp\/v2\/types\/product"}],"replies":[{"embeddable":true,"href":"https:\/\/cocpack.ro\/index.php\/wp-json\/wp\/v2\/comments?post=7248"}],"wp:featuredmedia":[{"embeddable":true,"href":"https:\/\/cocpack.ro\/index.php\/wp-json\/wp\/v2\/media\/7249"}],"wp:attachment":[{"href":"https:\/\/cocpack.ro\/index.php\/wp-json\/wp\/v2\/media?parent=7248"}],"wp:term":[{"taxonomy":"product_brand","embeddable":true,"href":"https:\/\/cocpack.ro\/index.php\/wp-json\/wp\/v2\/product_brand?post=7248"},{"taxonomy":"product_cat","embeddable":true,"href":"https:\/\/cocpack.ro\/index.php\/wp-json\/wp\/v2\/product_cat?post=7248"},{"taxonomy":"product_tag","embeddable":true,"href":"https:\/\/cocpack.ro\/index.php\/wp-json\/wp\/v2\/product_tag?post=7248"}],"curies":[{"name":"wp","href":"https:\/\/api.w.org\/{rel}","templated":true}]}}